 0 = -2*x - 8 - 4. Let z(i) = i**2 + 7*i + 7. Let q be z(x). Let s(j) = -2*j - 60*j**2 - 40*j**2 + 97*j**2 + 3*j. Calculate s(q).
-2
Suppose 5*f + 23 = 2*j, -20*j + 22*j - 5 = -f. Let s(l) = l + 9. Determine s(f).
6
Let s(v) = -2*v**2 + 5*v + 11. Let u be s(-6). Let k = u - -216. Let z be ((-2)/6)/(-2 + k/60). Let n(l) = -l**3 - 3*l**2 + 2*l - 4. What is n(z)?
4
Let x(t) be the second derivative of -24*t**5/5 + t**4/12 + t**3/6 + t**2/2 + 2*t - 965. What is x(-1)?
97
Let v(s) = -3*s - 6. Let q be v(0). Let l be (-1)/(-1) + (-2)/(-1). Let d(t) = -l*t + 4*t + 6*t + t**2 + 2. Determine d(q).
-4
Let n = -8789 - -8779. Let h(z) = 7*z - 6. Calculate h(n).
-76
Let t(j) = j**2 - 12*j + 2. Suppose 0 = 4*m - 59 - 3497. Let g = 894 - m. Calculate t(g).
-33
Let o(d) = -4*d + 14927 - 14941 + 10*d. Give o(7).
28
Let g(m) = m + 2. Let n be 0 - (-3)/(12/8). Suppose -16 = -n*w + 2*c + 2*c, -2 = -3*w - 5*c. Calculate g(w).
6
Let g be ((-65)/(-20))/13 - (-228)/48. Let n(x) = -10*x + 50. Give n(g).
0
Let u(m) = -6 + 5 + m**2 + 7 + m. Let p be 0/((-52)/91 + 20/(-14)). What is u(p)?
6
Let r = 100 + -97. Let f(u) = 7 - r + 7*u - 4*u + 4*u. Calculate f(4).
32
Let k(i) = -6*i**3 - 2068*i**2 + 16 - 23*i + 2090*i**2 + 7*i**3. Give k(-23).
16
Suppose -2*t = -i - 7, i + 152 - 150 = t. Let v(b) = -15*b + 78. Determine v(t).
3
Let w(v) = -8970*v + 49 - 8974*v + 17949*v. Calculate w(-13).
-16
Let n = -6134 - -6134. Let d be 2/(3 + -1)*5. Let p(j) = -j**2 - 6*j + 6. Let g(v) = v**2 + 5*v - 5. Let y(o) = d*g(o) + 4*p(o). What is y(n)?
-1
Let j(v) = -8*v + 7. Suppose 34 + 47 + 90 = 57*q. Give j(q).
-17
Let s(p) be the first derivative of 8*p**2 - 55*p + 952. What is s(3)?
-7
Suppose -4*o + 5 = -3*s, 2*o - 6 + 1 = s. Let j be 12 + 168/(-40) + 1/o. Suppose 5*v = -3 + j. Let l(k) = -8*k - 1. Determine l(v).
-9
Let o(t) be the first derivative of 1/3*t**3 + 11*t - 3/2*t**2 + 15. Let i(v) be the first derivative of o(v). What is i(5)?
7
Let q(j) = -j**2 + 18*j - 7. Suppose -4*x + 20*y = 18*y - 62, 2*x - 21 = 3*y. Give q(x).
-7
Let n(d) = d**3 - 2. Let m(g) = 11*g**3 + 7*g**3 + 3 + 2*g + 7*g**2 - 25*g**3. Let k(r) = m(r) + 6*n(r). What is k(7)?
5
Let f(m) = -m**3 + 4*m**2 - 2*m - 2. Let p = -46 + 48. Let w be f(p). Suppose -w + 11 = -3*o. Let t(x) = x**2 + 4*x + 3. Determine t(o).
0
Let g(h) = -143*h - 203. Let u(v) = -27*v - 41. Let s(k) = -4*g(k) + 21*u(k). Determine s(8).
-9
Let z(l) be the first derivative of l**3 - l**2/2 + 2*l + 1236. What is z(-3)?
32
Let z(c) = -2*c - 14. Let o(f) = f + 7. Let w(i) = -5*o(i) - 3*z(i). Let u be (0/(5 + 1))/4. Suppose u = 4*t + 21 + 3. Calculate w(t).
1
Suppose 4*m + 0*m - 12 = 0. Let l = -105 + 109. Let s(y) = -5 + 2 - 4 + l + y. Give s(m).
0
Suppose 0*f = -5*v - f - 25, -v + 2*f - 5 = 0. Let x be (-3)/(v/(-50)*-3) + -4. Let m(p) be the first derivative of p**3/3 - 7*p**2/2 + 8*p + 3. Give m(x).
2
Let h(z) be the second derivative of z**5/20 - z**4/24 + z**3/3 + 99*z**2/2 - 9*z - 11. Let x(k) be the first derivative of h(k). Determine x(1).
4
Let i(x) = 3*x - 23. Let c(m) = m - 8. Let u(v) = -17*c(v) + 6*i(v). Let j(h) be the first derivative of -h**2 - 27*h - 128. Let n be j(-11). Determine u(n).
-7
Let l(t) = -13*t**2 + 351*t + 1. Let x be l(27). Let d(w) be the third derivative of -13*w**4/24 + w**3/6 + 2*w**2. Determine d(x).
-12
Let s = 266 - 264. Let i(g) = 16*g - 18 + 69*g**s - 133*g**2 + 65*g**2. Give i(-17).
-1
Let r(l) be the third derivative of -l**5/30 - 5*l**4/2 + l**3/2 + 422*l**2. What is r(-30)?
3
Let q be 1357/161 - (-3)/(-7)*1. Let x be q + (-976)/120 + 424/30. Let o(y) = -y**2 + 14*y + 13. What is o(x)?
13
Let a be (-2 - 1/(-1)) + 0. Let h be a/2 - (-7)/2. Let f(m) = 30*m**2 + 3*m - 1. Let i(x) = 83*x**2 + 7*x - 2. Let t(n) = -11*f(n) + 4*i(n). What is t(h)?
6
Let t(q) = -3*q - 4. Let n = 440 + -321. Suppose -x = -18*x - n. What is t(x)?
17
Let n(s) = 47*s**3 + 83*s**2 + 128*s - 21. Let b(h) = 19*h**3 + 41*h**2 + 66*h - 11. Let o(x) = 5*b(x) - 2*n(x). Calculate o(-37).
-13
Let f(a) = 2*a**2 - 12*a + 16. Let x be 10*(((-48)/(-10) - 1) + (-1 - 2)). Determine f(x).
48
Let s = 1530 + -1538. Let u(b) = -b + 8*b**2 - 9*b**3 - 2 + 10*b**3 + 7. Determine u(s).
13
Let g(z) be the second derivative of z**5/10 - 43*z**4/12 - 25*z**3/6 + 63*z**2/2 + 2*z - 1233. Calculate g(22).
-3
Suppose -2*l = -5*b + 2*l + 7, 4*b + l = -7. Let k(v) be the second derivative of -19*v**5/10 + v**4/12 + v**3/6 - 2732*v + 2. Calculate k(b).
38
Suppose 105*w + 35 = 112*w. Suppose w*b + 3*q - 8 = -4, 5*b = 2*q - 11. Let k(r) = -3*r + 2. Give k(b).
5
Let p(v) be the first derivative of 13/3*v**3 - 13 + 0*v**4 + 1/120*v**5 + 0*v + 0*v**2. Let g(m) be the third derivative of p(m). Calculate g(-5).
-5
Let i(f) = -16*f + 1. Let l(u) = -33*u + 2. Let x(z) = 5*i(z) - 3*l(z). Let v = -2542 - -2541. Determine x(v).
-20
Let l be -8 - (-1 - (13 - 10)). Let b(d) = 5*d - 7. Determine b(l).
-27
Let a(m) be the first derivative of m**4/4 - 10*m**3/3 - 9*m**2/2 + 27*m - 1977. Determine a(11).
49
Let k(d) = -3*d**2 + 6*d + 3. Let r(y) = y**2 + y + 1. Let m(n) = 2*n**2 - 7*n - 1. Let v be m(3). Let u(s) = v*r(s) - k(s). Calculate u(-10).
-7
Let c(a) = 24*a - 95. Let v be c(4). Let q(p) = -3*p + v + 0 - 6*p + 5 + 8*p. Calculate q(5).
1
Let l(h) be the second derivative of h**4/12 + h**3/6 - 16*h**2 - 13076*h. Give l(4).
-12
Let r(c) = c**2 + 3*c - 9. Let m be r(-9). Let v = 667 + -622. Let z = v - m. Let a(n) = -n**3 + 3. Give a(z).
3
Suppose 283 + 12 = 5*o. Let y = -64 + o. Let z(v) be the first derivative of v**3/3 + 5*v**2/2 + 3*v - 4. Calculate z(y).
3
Let x(s) be the second derivative of -s + 1/3*s**3 + 0 + 3/2*s**2 - 1/12*s**4. Let u = 9560 + -9562. What is x(u)?
-5
Let f(u) = u**3 + 4*u**2 - 7*u + 4. Let m(a) = -a + 6*a**2 - 9*a**2 + 3*a**2 - 3 + a**2 + 6. Let v(z) = f(z) - 2*m(z). Determine v(-3).
4
Let z = 41/102 + 56/51. Let d(o) be the third derivative of 1/24*o**4 + z*o**3 + 0*o + 40*o**2 + 0. Give d(-12).
-3
Let d(f) be the third derivative of -f**5/60 - f**4/12 - 668*f**2. What is d(3)?
-15
Suppose 5*o = -4*l - 24, -3*l - o - 26 = -8. Let r(x) be the first derivative of 8*x - 1 + 1/4*x**4 + 2*x**3 + 1/2*x**2. What is r(l)?
2
Let y(q) = -q**3 + 9*q**2 + 11*q - 5. Let h be (-16)/88 - 560/(-55). What is y(h)?
5
Let m = -23 + 15. Suppose -3*u = -4 - 8, -3*a - u + 22 = 0. Let d(v) = 18*v - 7*v - 9*v - a*v - 10. What is d(m)?
22
Let n = 9065 + -9075. Let u(x) = -x**2 - 8*x - 27. What is u(n)?
-47
Let y = -167 - -168. Let p(x) = -x**3 - x + 3. Let g be p(0). Let c(u) = 5 + 2*u - g - y - 3 + 4*u**2. Determine c(-2).
10
Let h be (-1 - -1) + 3 + -1 + -1. Let b(m) = 2*m**2 + m - 1. Let d(t) = -3*t**2 + 6*t + 2. Let p(u) = h*d(u) + b(u). Let y = 27 + -20. What is p(y)?
1
Let c(k) = -235*k + 40. Let u(f) = -67*f + 14. Let s(r) = -2*c(r) + 7*u(r). Suppose -5*n + 0*n + 15 = 0. Let q = -3 + n. What is s(q)?
18
Let c = 347 - 346. Let q(i) = -5*i**2 - 94*i**3 + 13*i + 95*i**3 - 9*i + c. Give q(3).
-5
Let a = 6 + -14. Let k(n) = -n**3 - 8*n**2 + 5*n - 8. Give k(a).
-48
Let i(b) = -12*b**2 - 3*b - 16*b**2 - 105 - 7*b**2 - 280*b + 27*b**2. Determine i(-35).
0
Suppose 3*x = -5*o - 60, 5*o - 14*x + 15*x = -50. Let f(n) = -n**3 - 7*n**2 + 24*n + 47. Calculate f(o).
-7
Let k(q) = 5*q - 68. Let r be 68/170 - 126/(-10). Let v be k(r). Let y(i) = -2*i**2 + 3*i - 4. Give y(v).
-31
Let g(q) = -q + 17. Let k(l) = -3*l + 155. Let u(j) = -6*g(j) + k(j). Determine u(-14).
11
Let d(c) be the second derivative of -c**4/12 + 5*c**3/6 - c**2 - 698*c. Let y be (-15)/(-6)*6/5. Give d(y).
4
Let u(a) = -13 + 10*a**2 + 7*a + 4*a**3 - 3*a**3 - 17*a + 0*a**2. Let d be u(-11). Let o be 10*(-10)/d - (-2)/(-12). Let q(w) = -w**2 + 6*w - 5. Determine q(o).
3
Let f(o) be the second derivative of -o**5/10 + 25*o**4/12 - 11*o**3/6 - 5*o**2/2 - 25*o - 3. Calculate f(12).
7
Let q(g) = -g**3 - 12*g + 1. Let t(n) = 3*n**3 - 25*n**2 + 2*n - 98. Let c(o) = -2*q(o) - t(o). Determine c(26).
-8
Let z be (6/15)/((-1)/55). Let k = z - -23. Let n(v) = k - 2 + 133*v - 134*v. Give n(-4).
3
Let u(d) = d**3 + 10*d**2 + 19*d + 12. Let l = -16036 + 16028. Determine u(l).
-12
Let t = -204 + 206. Let u(h) = 76*h + 2 - 39*h - 39*h + h**t. Determine u(3).
5
Let d(o) = -13*o + 35*o - 16*o - 2928 + 2928. Calculate d(-9).
-54
Let l(q